s divided by 146.
134
What is the remainder when 3265961 is divided by 1388?
1385
What is the remainder when 367840 is divided by 9?
1
What is the remainder when 5856483 is divided by 2928167?
149
Calculate the remainder when 2279973 is divided by 1663.
0
What is the remainder when 26252887 is divided by 115?
112
Calculate the remainder when 11825432 is divided by 440.
432
Calculate the remainder when 277500 is divided by 275333.
2167
What is the remainder when 23452 is divided by 3342?
58
Calculate the remainder when 13692522 is divided by 2362.
8
What is the remainder when 223594 is divided by 6201?
358
Calculate the remainder when 350295 is divided by 349919.
376
What is the remainder when 654700 is divided by 124?
104
Calculate the remainder when 89355 is divided by 4611.
1746
Calculate the remainder when 89311 is divided by 17231.
3156
What is the remainder when 410904 is divided by 410647?
257
Calculate the remainder when 7117885 is divided by 9.
1
What is the remainder when 31954 is divided by 2637?
310
Calculate the remainder when 480112 is divided by 567.
430
What is the remainder when 7861569 is divided by 62?
31
Calculate the remainder when 1427259 is divided by 3186.
3117
Calculate the remainder when 85016 is divided by 2736.
200
What is the remainder when 11976498 is divided by 374?
270
Calculate the remainder when 31027 is divided by 156.
139
What is the remainder when 3845402 is divided by 46894?
94
What is the remainder when 7619622 is divided by 488?
478
Calculate the remainder when 1201134 is divided by 1694.
88
What is the remainder when 31922331 is divided by 53?
7
What is the remainder when 254011 is divided by 2921?
2805
Calculate the remainder when 29346 is divided by 2159.
1279
What is the remainder when 5128 is divided by 4410?
718
Calculate the remainder when 8452325 is divided by 1308.
29
Calculate the remainder when 1163832 is divided by 1709.
3
Calculate the remainder when 8774359 is divided by 2806.
2803
What is the remainder when 7184952 is divided by 963?
9
What is the remainder when 125630 is divided by 30649?
3034
Calculate the remainder when 1276351 is divided by 335.
1
Calculate the remainder when 210464 is divided by 16181.
111
Calculate the remainder when 8877338 is divided by 375.
338
Calculate the remainder when 1161101 is divided by 238.
137
Calculate the remainder when 3943882 is divided by 45858.
94
What is the remainder when 138712 is divided by 22?
2
Calculate the remainder when 274141 is divided by 3225.
16
Calculate the remainder when 48095090 is divided by 697.
696
Calculate the remainder when 1195764035 is divided by 5469.
5468
Calculate the remainder when 3200999213 is divided by 9617.
9614
Calculate the remainder when 1097476 is divided by 219451.
221
Calculate the remainder when 1341445 is divided by 461.
396
What is the remainder when 4719948 is divided by 373?
6
Calculate the remainder when 99693 is divided by 11019.
522
Calculate the remainder when 303403 is divided by 7049.
296
Calculate the remainder when 5078635 is divided by 107.
94
Calculate the remainder when 411419 is divided by 86.
81
What is the remainder when 43376 is divided by 378?
284
What is the remainder when 324475 is divided by 21623?
130
Calculate the remainder when 1466508 is divided by 2428.
2424
What is the remainder when 1147605 is divided by 616?
613
What is the remainder when 116029 is divided by 28989?
73
What is the remainder when 15867320 is divided by 10642?
98
Calculate the remainder when 28006613 is divided by 87.
8
Calculate the remainder when 3179083 is divided by 7869.
7
What is the remainder when 1033267 is divided by 701?
694
What is the remainder when 43567 is divided by 1885?
212
What is the remainder when 246250773 is divided by 1931?
1929
What is the remainder when 442040 is divided by 109983?
2108
Calculate the remainder when 3000485 is divided by 3493.
3491
Calculate the remainder when 6218327 is divided by 577.
575
What is the remainder when 550149 is divided by 60?
9
What is the remainder when 19550 is divided by 1628?
14
What is the remainder when 14732614 is divided by 35?
29
Calculate the remainder when 953176782 is divided by 15.
12
Calculate the remainder when 833695 is divided by 1378.
5
What is the remainder when 414756 is divided by 407?
23
What is the remainder when 449738 is divided by 74943?
80
Calculate the remainder when 3655680 is divided by 17408.
0
Calculate the remainder when 1228756 is divided by 2.
0
What is the remainder when 746985 is divided by 53343?
183
Calculate the remainder when 1184226 is divided by 169173.
15
What is the remainder when 254168 is divided by 42351?
62
What is the remainder when 30000228 is divided by 765?
753
What is the remainder when 131289704 is divided by 2244?
2240
Calculate the remainder when 22383 is divided by 297.
108
Calculate the remainder when 21584072 is divided by 449.
193
What is the remainder when 211706 is divided by 157?
70
Calculate the remainder when 425089 is divided by 106271.
5
Calculate the remainder when 1116471 is divided by 45.
21
What is the remainder when 12225583 is divided by 24950?
83
What is the remainder when 2547135 is divided by 205?
10
Calculate the remainder when 140224303 is divided by 4942.
4937
Calculate the remainder when 12634 is divided by 507.
466
What is the remainder when 28047 is divided by 20995?
7052
Calculate the remainder when 354348 is divided by 50492.
904
Calculate the remainder when 72956 is divided by 67907.
5049
What is the remainder when 618236 is divided by 123466?
906
Calculate the remainder when 3839369 is divided by 219.
80
Calculate the remainder when 21741765 is divided by 1278927.
6
What is the remainder when 16984721 is divided by 5061?
5
What is the remainder when 209836 is divided by 504?
172
What is the remainder when 134401 is divided by 132266?
2135
What is the remainder when 110834 is divided by 859?
23
Calculate the remainder when 154569 is divided by 30681.
1164
Calculate the remainder when 21495 is divided by 2071.
785
Calculate the remainder when 680186 is divided by 747.
416
Calculate the remainder when 240648 is divided by 240641.
7
Calculate the remainder when 33449 is divided by 16724.
1
Calculate the remainder when 16694 is divided by 586.
286
What is the remainder when 115070 is divided by 1038?
890
What is the remainder when 28485 is divided by 5640?
285
Calculate the remainder when 194969 is divided by 7.
5
Calculate the remainder when 1649228 is divided by 15.
8
What is the remainder when 27182 is divided by 1251?
911
Calculate the remainder when 24622232 is divided by 118.
116
What is the remainder when 7588740 is divided by 1256?
1244
What is the remainder when 14210 is divided by 1196?
1054
What is the remainder when 1926863 is divided by 68816?
15
Calculate the remainder when 162443768 is divided by 618.
614
Calculate the remainder when 603783 is divided by 35510.
113
What is the remainder when 76677696 is divided by 2669?
2664
What is the remainder when 12219343 is divided by 1503?
1456
What is the remainder when 218844 is divided by 931?
59
Calculate the remainder when 4287042 is divided by 1428996.
54
What is the remainder when 161502 is divided by 80230?
1042
What is the remainder when 84553 is divided by 84108?
445
What is the remainder when 42912933 is divided by 27?
24
What is the remainder when 7752718 is divided by 8?
6
What is the remainder when 75833 is divided by 36628?
2577
Calculate the remainder when 91090816 is divided by 126.
124
Calculate the remainder when 200547 is divided by 98399.
3749
What is the remainder when 32867 is divided by 447?
236
What is the remainder when 9538621 is divided by 11?
4
Calculate the remainder when 419112 is divided by 7783.
6613
What is the remainder when 16451772 is divided by 75?
72
Calculate the remainder when 69826686 is divided by 63.
6
What is the remainder when 7963960 is divided by 3981975?
10
What is the remainder when 49312 is divided by 1012?
736
What is the remainder when 673166 is divided by 607?
3
Calculate the remainder when 86661 is divided by 43275.
111
Calculate the remainder when 119897403 is divided by 29974346.
19
What is the remainder when 1166 is divided by 128?
14
What is the remainder when